{"id":1915,"date":"2016-01-29T10:12:39","date_gmt":"2016-01-29T10:12:39","guid":{"rendered":"https:\/\/swissventureadvisors.com\/index.php\/about\/"},"modified":"2020-01-31T09:04:07","modified_gmt":"2020-01-31T09:04:07","slug":"about","status":"publish","type":"page","link":"https:\/\/swissventureadvisors.com\/index.php\/about\/?lang=fr","title":{"rendered":"\u00e0 propos de nous"},"content":{"rendered":"<p>[vc_row type=&#8221;vc_default&#8221; css=&#8221;.vc_custom_1476008791393{padding-top: 70px !important;padding-bottom: 25px !important;}&#8221;][vc_column offset=&#8221;vc_col-lg-6 vc_col-md-6 vc_col-xs-12&#8243; css=&#8221;.vc_custom_1476005293248{padding-bottom: 50px !important;}&#8221;]<div id=\"ultimate-heading-28169e843d506239\" class=\"uvc-heading ult-adjust-bottom-margin ultimate-heading-28169e843d506239 uvc-4523 \" data-hspacer=\"no_spacer\"  data-halign=\"left\" style=\"text-align:left\"><div class=\"uvc-heading-spacer no_spacer\" style=\"top\"><\/div><div class=\"uvc-main-heading ult-responsive\"  data-ultimate-target='.uvc-heading.ultimate-heading-28169e843d506239 h2'  data-responsive-json-new='{\"font-size\":\"desktop:26px;\",\"line-height\":\"desktop:32px;\"}' ><h2 style=\"font-weight:bold;margin-bottom:20px;\">Swiss Venture Advisors LLC<\/h2><\/div><\/div>[vc_column_text]Swiss Venture Advisors est une soci\u00e9t\u00e9 de conseils qui fournit une expertise pour le d\u00e9veloppement de vos affaires entre le Vietnam et l\u2019Europe.<\/p>\n<p>Notre priorit\u00e9 est le development d\u2019une relation \u00e0 long-terme bas\u00e9e sur la confiance et de fournir des r\u00e9sultats tangibles en acqu\u00e9rant une profondes compr\u00e9hensions des besoins de nos clients.<\/p>\n<p>La direction de Swiss Venture Advisors poss\u00e8de plus de 20 ans d\u2019exp\u00e9rience des les services financier et l\u2019immobilier en Australie, Asie et Europe.[\/vc_column_text][\/vc_column][vc_column offset=&#8221;vc_col-lg-6 vc_col-md-6 vc_col-xs-12&#8243; css=&#8221;.vc_custom_1476005300152{padding-bottom: 50px !important;}&#8221;][vc_single_image image=&#8221;1861&#8243; img_size=&#8221;full&#8221;][\/vc_column][\/vc_row]<\/p>\n","protected":false},"excerpt":{"rendered":"<p>[vc_row type=&#8221;vc_default&#8221; css=&#8221;.vc_custom_1476008791393{padding-top: 70px !important;padding-bottom: 25px !important;}&#8221;][vc_column offset=&#8221;vc_col-lg-6 vc_col-md-6 vc_col-xs-12&#8243; css=&#8221;.vc_custom_1476005293248{padding-bottom: 50px !important;}&#8221;][vc_column_text]Swiss Venture Advisors est une soci\u00e9t\u00e9 de conseils qui fournit une expertise pour le d\u00e9veloppement de vos affaires entre le Vietnam et l\u2019Europe. Notre priorit\u00e9 est le development d\u2019une relation \u00e0 long-terme bas\u00e9e sur la confiance et de fournir des r\u00e9sultats tangibles en&hellip;<\/p>\n","protected":false},"author":1,"featured_media":0,"parent":0,"menu_order":100,"comment_status":"closed","ping_status":"closed","template":"","meta":[],"_links":{"self":[{"href":"https:\/\/swissventureadvisors.com\/index.php\/wp-json\/wp\/v2\/pages\/1915"}],"collection":[{"href":"https:\/\/swissventureadvisors.com\/index.php\/wp-json\/wp\/v2\/pages"}],"about":[{"href":"https:\/\/swissventureadvisors.com\/index.php\/wp-json\/wp\/v2\/types\/page"}],"author":[{"embeddable":true,"href":"https:\/\/swissventureadvisors.com\/index.php\/wp-json\/wp\/v2\/users\/1"}],"replies":[{"embeddable":true,"href":"https:\/\/swissventureadvisors.com\/index.php\/wp-json\/wp\/v2\/comments?post=1915"}],"version-history":[{"count":2,"href":"https:\/\/swissventureadvisors.com\/index.php\/wp-json\/wp\/v2\/pages\/1915\/revisions"}],"predecessor-version":[{"id":1983,"href":"https:\/\/swissventureadvisors.com\/index.php\/wp-json\/wp\/v2\/pages\/1915\/revisions\/1983"}],"wp:attachment":[{"href":"https:\/\/swissventureadvisors.com\/index.php\/wp-json\/wp\/v2\/media?parent=1915"}],"curies":[{"name":"wp","href":"https:\/\/api.w.org\/{rel}","templated":true}]}}